{"id":67,"date":"2023-07-31T15:23:56","date_gmt":"2023-07-31T15:23:56","guid":{"rendered":"https:\/\/tanssivarpaat.net\/athml\/?page_id=67"},"modified":"2025-03-09T10:03:35","modified_gmt":"2025-03-09T10:03:35","slug":"hinnasto","status":"publish","type":"page","link":"https:\/\/tanssivarpaat.net\/athml\/index.php\/hinnasto\/","title":{"rendered":"Hinnasto"},"content":{"rendered":"\n<ul class=\"wp-block-list\">\n<li><strong>TUTUSTUMISTARJOUS <\/strong>kolme tuntia 120 \u20ac<\/li>\n\n\n\n<li><strong>YKSITYISTUNTI <\/strong>55 \u20ac (n. 50-60 min)<br><\/li>\n\n\n\n<li><strong>SARJATUNNIT:<\/strong><\/li>\n\n\n\n<li>3 x yksityistunti 160 \u20ac (53\u20ac\/h)<\/li>\n\n\n\n<li>5 x yksityistunti 250 \u20ac (50\u20ac\/h)<\/li>\n\n\n\n<li>8 x yksityistunti 360 \u20ac (45\u20ac\/h)<\/li>\n\n\n\n<li>kysy my\u00f6s el\u00e4kel\u00e4is- ja opiskelijasarjatuntien hintaa<br><\/li>\n\n\n\n<li><strong>EL\u00c4KEL\u00c4ISET JA OPISKELIJAT<\/strong> 45 \u20ac\/h<br><strong>Tutustumistarjous <\/strong>el\u00e4kel\u00e4iset ja opiskelijat: kolme tuntia 110 \u20ac<br><\/li>\n\n\n\n<li><strong>MUUT RYHM\u00c4T JA KURSSIT<\/strong>: kts. <a href=\"https:\/\/tanssivarpaat.net\/athml\/index.php\/ajankohtaista-alustava-ei-varma\/\" data-type=\"page\" data-id=\"105\">kurssikuvaus <\/a>tai sopimuksen mukaan<\/li>\n\n\n\n<li><em>(hinnat sis\u00e4lt\u00e4v\u00e4t ALV)<\/em><\/li>\n<\/ul>\n\n\n\n<p><strong>Maksuv\u00e4linein\u00e4<\/strong>: <strong>pankkikortti <\/strong>tai <strong>k\u00e4teinen <\/strong>(tasaraha), <strong>ePassi<\/strong> tai <strong>Smartum<\/strong><\/p>\n\n\n\n<figure class=\"wp-block-image size-full is-resized\"><a href=\"https:\/\/services.epassi.fi\/ui\/merchant-search?utm_term=epassi&amp;utm_source=adwords&amp;utm_medium=ppc&amp;utm_campaign=Br%C3%A4ndi&amp;hsa_ad=449643997595&amp;hsa_ver=3&amp;hsa_tgt=kwd-298711709943&amp;hsa_grp=55063168748&amp;hsa_acc=4610289076&amp;hsa_kw=epassi&amp;hsa_src=g&amp;hsa_net=adwords&amp;hsa_mt=e&amp;hsa_cam=699627593&amp;gad_source=1&amp;gclid=CjwKCAiA_OetBhAtEiwAPTeQZ2wquK-JVAkIjJisY6FsAAE2-IyH8FJj85L_53AUFpnadZ_bKU8phBoChEEQAvD_BwE&amp;searchParams=alexander-tekniikka+minnamari&amp;siteType=SPORT\"><img loading=\"lazy\" decoding=\"async\" width=\"608\" height=\"190\" src=\"https:\/\/tanssivarpaat.net\/athml\/wp-content\/uploads\/2024\/01\/Epassi-Logo-Primary-Color-RGB.webp\" alt=\"\" class=\"wp-image-267\" style=\"width:138px;height:auto\" srcset=\"https:\/\/tanssivarpaat.net\/athml\/wp-content\/uploads\/2024\/01\/Epassi-Logo-Primary-Color-RGB.webp 608w, https:\/\/tanssivarpaat.net\/athml\/wp-content\/uploads\/2024\/01\/Epassi-Logo-Primary-Color-RGB-300x94.webp 300w\" sizes=\"auto, (max-width: 608px) 100vw, 608px\" \/><\/a><\/figure>\n\n\n\n<figure class=\"wp-block-image size-full is-resized\"><a href=\"https:\/\/www.smartum.fi\/kayttopaikkahaku?q=alexander-tekniikka%20minnamari\"><img loading=\"lazy\" decoding=\"async\" width=\"946\" height=\"178\" src=\"https:\/\/tanssivarpaat.net\/athml\/wp-content\/uploads\/2024\/01\/smartumlogo.png\" alt=\"\" class=\"wp-image-289\" style=\"width:247px;height:auto\" srcset=\"https:\/\/tanssivarpaat.net\/athml\/wp-content\/uploads\/2024\/01\/smartumlogo.png 946w, https:\/\/tanssivarpaat.net\/athml\/wp-content\/uploads\/2024\/01\/smartumlogo-300x56.png 300w, https:\/\/tanssivarpaat.net\/athml\/wp-content\/uploads\/2024\/01\/smartumlogo-768x145.png 768w, https:\/\/tanssivarpaat.net\/athml\/wp-content\/uploads\/2024\/01\/smartumlogo-850x160.png 850w\" sizes=\"auto, (max-width: 946px) 100vw, 946px\" \/><\/a><\/figure>\n","protected":false},"excerpt":{"rendered":"<p>Maksuv\u00e4linein\u00e4: pankkikortti tai k\u00e4teinen (tasaraha), ePassi tai Smartum<\/p>\n","protected":false},"author":1,"featured_media":0,"parent":0,"menu_order":0,"comment_status":"closed","ping_status":"closed","template":"","meta":{"footnotes":""},"class_list":["post-67","page","type-page","status-publish","hentry"],"_links":{"self":[{"href":"https:\/\/tanssivarpaat.net\/athml\/index.php\/wp-json\/wp\/v2\/pages\/67","targetHints":{"allow":["GET"]}}],"collection":[{"href":"https:\/\/tanssivarpaat.net\/athml\/index.php\/wp-json\/wp\/v2\/pages"}],"about":[{"href":"https:\/\/tanssivarpaat.net\/athml\/index.php\/wp-json\/wp\/v2\/types\/page"}],"author":[{"embeddable":true,"href":"https:\/\/tanssivarpaat.net\/athml\/index.php\/wp-json\/wp\/v2\/users\/1"}],"replies":[{"embeddable":true,"href":"https:\/\/tanssivarpaat.net\/athml\/index.php\/wp-json\/wp\/v2\/comments?post=67"}],"version-history":[{"count":26,"href":"https:\/\/tanssivarpaat.net\/athml\/index.php\/wp-json\/wp\/v2\/pages\/67\/revisions"}],"predecessor-version":[{"id":444,"href":"https:\/\/tanssivarpaat.net\/athml\/index.php\/wp-json\/wp\/v2\/pages\/67\/revisions\/444"}],"wp:attachment":[{"href":"https:\/\/tanssivarpaat.net\/athml\/index.php\/wp-json\/wp\/v2\/media?parent=67"}],"curies":[{"name":"wp","href":"https:\/\/api.w.org\/{rel}","templated":true}]}}